Is 40751099 composite?
False
Is 49930291 composite?
True
Is 155177531 a prime number?
True
Is 5834339 a prime number?
False
Is 18187727 a prime number?
False
Is 34220257 a composite number?
False
Is 12948281 a prime number?
False
Is 289669 a prime number?
True
Is 3222398 prime?
False
Is 284917229 composite?
True
Is 29272313 a prime number?
False
Is 217800811 a composite number?
True
Is 46566955 a composite number?
True
Is 607403 a composite number?
True
Is 3731443 composite?
False
Is 15494821 a prime number?
True
Is 8143907 a composite number?
False
Is 3227009 a prime number?
True
Is 2585579 a prime number?
True
Is 493014281 prime?
True
Is 838073 a composite number?
True
Is 2176283 a composite number?
True
Is 88451963 a composite number?
True
Is 29830381 prime?
False
Is 994271 a prime number?
True
Is 19368169 prime?
True
Is 686806287 composite?
True
Is 1851981 a prime number?
False
Is 1297232171 composite?
False
Is 170390713 prime?
True
Is 29853827 composite?
True
Is 105735041 composite?
False
Is 90158069 composite?
False
Is 860569085 a prime number?
False
Is 49078529 a prime number?
True
Is 383122 prime?
False
Is 8153731 composite?
False
Is 136242563 composite?
False
Is 30628163 a prime number?
True
Is 328213 prime?
True
Is 195255691 composite?
True
Is 2658307 prime?
False
Is 15546101 a prime number?
True
Is 18267119 a prime number?
False
Is 14100829 composite?
False
Is 307627 composite?
False
Is 19840565 a composite number?
True
Is 346674017 a prime number?
True
Is 2222683 a composite number?
False
Is 4115971 a prime number?
True
Is 221173259 prime?
False
Is 3890173 composite?
True
Is 6063121 a prime number?
False
Is 284591 a prime number?
True
Is 1230500121 a prime number?
False
Is 232702777 prime?
False
Is 26611789 prime?
False
Is 18912811 a composite number?
False
Is 4899557 a composite number?
True
Is 992576491 a composite number?
False
Is 4613159 a composite number?
True
Is 3954103 composite?
True
Is 3316549 a composite number?
False
Is 3698203 prime?
True
Is 51971 prime?
True
Is 15453847 composite?
True
Is 1697089 a composite number?
True
Is 64116791 prime?
True
Is 3764209 prime?
True
Is 990398 a prime number?
False
Is 38118349 a prime number?
False
Is 5205653 composite?
False
Is 7010809 a composite number?
True
Is 8172253 prime?
True
Is 18782851 prime?
True
Is 54794 a composite number?
True
Is 120718499 a prime number?
False
Is 25315051 composite?
True
Is 42171869 a prime number?
True
Is 52569311 composite?
False
Is 55137673 composite?
False
Is 38356237 composite?
False
Is 2283205 a composite number?
True
Is 26534891 prime?
True
Is 428963519 prime?
True
Is 166438033 prime?
True
Is 356441 composite?
False
Is 2271781 a composite number?
False
Is 13837883 a prime number?
True
Is 974539 a composite number?
False
Is 437222551 a prime number?
True
Is 364729 a composite number?
True
Is 18981631 a prime number?
False
Is 80052871 a prime number?
False
Is 13106771 a prime number?
True
Is 11911019 a composite number?
False
Is 197957 composite?
False
Is 45852682 composite?
True
Is 27613 composite?
True
Is 35854499 prime?
True
Is 1893571 composite?
True
Is 233423747 a prime number?
True
Is 89247167 a prime number?
True
Is 193485749 a prime number?
False
Is 99904054 a prime number?
False
Is 3261473 a composite number?
False
Is 2162885 a composite number?
True
Is 30885281 prime?
False
Is 67144909 a prime number?
False
Is 137384257 prime?
True
Is 44011691 composite?
True
Is 7289263 a composite number?
True
Is 231409 composite?
False
Is 7146901 composite?
True
Is 14310773 a composite number?
False
Is 4625141 composite?
False
Is 4484483 a composite number?
False
Is 4140413 a prime number?
False
Is 113762111 composite?
False
Is 130714487 a composite number?
True
Is 929567 a prime number?
False
Is 959041 a prime number?
False
Is 5927666 prime?
False
Is 14652289 a composite number?
False
Is 4512007 a prime number?
True
Is 36012347 prime?
False
Is 535204259 a composite number?
True
Is 3422227 a composite number?
False
Is 37863667 prime?
True
Is 23559971 a composite number?
False
Is 13326917 composite?
True
Is 283890227 composite?
False
Is 20812271 a prime number?
True
Is 12240559 a composite number?
False
Is 335119 prime?
False
Is 14488531 prime?
False
Is 1378337 a prime number?
True
Is 447023 prime?
False
Is 341850713 composite?
True
Is 3547721 composite?
False
Is 8082287 a prime number?
True
Is 30925311 a composite number?
True
Is 22481117 a composite number?
False
Is 28639 a composite number?
True
Is 15904533 prime?
False
Is 3332123 prime?
False
Is 361144093 prime?
True
Is 5956429 prime?
True
Is 68232845 a composite number?
True
Is 1063879 composite?
True
Is 4740077 composite?
False
Is 931823 a prime number?
False
Is 35954861 prime?
False
Is 26863261 composite?
True
Is 42507407 prime?
True
Is 4260073 a composite number?
False
Is 656122 a composite number?
True
Is 108541 composite?
False
Is 264120182 composite?
True
Is 16316669 prime?
True
Is 108481453 a composite number?
True
Is 13306451 a composite number?
True
Is 27549121 composite?
False
Is 562531 a composite number?
True
Is 321919363 a prime number?
True
Is 7254041 a composite number?
False
Is 54387737 a prime number?
True
Is 46018241 a composite number?
False
Is 2255191 composite?
False
Is 353291917 composite?
True
Is 20713549 a composite number?
True
Is 1074023 a prime number?
True
Is 14859303 composite?
True
Is 6853321 a composite number?
False
Is 303499771 composite?
False
Is 142387 a composite number?
True
Is 56334737 a prime number?
False
Is 506417 a composite number?
False
Is 23491577 composite?
False
Is 29029087 a prime number?
False
Is 823937 prime?
False
Is 23864609 a composite number?
False
Is 24090701 a composite number?
False
Is 59896519 prime?
False
Is 135956299 prime?
True
Is 2486707 a prime number?
False
Is 813661 prime?
False
Is 218737 a composite number?
False
Is 41833993 a composite number?
False
Is 350717 prime?
False
Is 547699 composite?
True
Is 34095209 composite?
True
Is 64897337 prime?
False
Is 5506859 prime?
False
Is 12513269 a prime number?
True
Is 10631639 a prime number?
True
Is 885869 a prime number?
True
Is 30637183 a prime number?
True
Is 11328263 composite?
True
Is 8245123 a composite number?
False
Is 1097569457 a prime number?
True
Is 3710387 composite?
False
Is 39754727 a prime number?
True
Is 143487269 prime?
False
Is 385707841 prime?
True
Is 772789 prime?
True
Is 610301 a prime number?
True
Is 4123529 composite?
False
Is 2055821 prime?
True
Is 6291053 a composite number?
True
Is 6172063 a prime number?
True
Is 3867991 prime?
False
Is 42482257 a prime number?
True
Is 307564147 composite?
True
Is 187574654 a composite number?
True
Is 19284745 a composite number?
True
Is 656413 a composite number?
True
Is 37055827 prime?
True
Is 145001917 prime?
True
Is 15468463 prime?
True
Is 343560367 prime?
True
Is 882161 a composite number?
True
Is 56120531 composite?
True
Is 29616446 composite?
True
Is 44131377 composite?
True
Is 10705283 a composite number?
False
Is 149213 composite?
False
Is 35865443 prime?
True
Is 12450653 composite?
False
Is 102013 a composite number?
False
Is 78086819 composite?
True
Is 748931 prime?
False
Is 1067257 a prime number?
False
Is 256967 a prime number?
True
Is 1711165 a prime number?
False
Is 4576683 a composite number?
True
Is 9923399 a composite number?
True
Is 553659 a composite number?
True
Is 57644789 a composite number?
False
Is 50554109 a prime number?
False
Is 731028013 prime?
False
Is 1186015 prime?
False
Is 55072751 a prime number?
False
Is 78747653 a prime number?
False
Is 685031 a composite number?
False
Is 2165701 a composite number?
False
Is 415088959 composite?
True
Is 29310311 prime?
True
Is 88692407 composite?
True
Is 118582741 composite?
True
Is 2524631 prime?
False
Is 10795651 a prime number?
True
Is 2591153 a composite number?
False
Is 16141547 prime?
True
Is 5779393 a prime number?
False
Is 18252037 a composite number?
True
Is 172103527 prime?
False
Is 3232310599 composite?
True
Is 3092711 a composite number?
False
Is 1535341 prime?
True
Is 173964031 a prime number?
True
Is 8459111 a composite number?
True
Is 85431149 composite?
False
Is 1640299 a prime number?
True
Is 73041559 prime?
True
Is 16356083 a prime number?
Tr